5*q + 15 = 0. Let l = o - 5. Let h(w) = -3 - 7*w**2 + 6*w - 2 + w**3 - 1 + 3 + 8. What is h(l)?
5
Let c(k) = -k**2 - k + 7. Let y(i) = i - 1. Let p be y(6). Let o(w) = 0*w + p + 12 + 2*w. Let u be o(-11). Calculate c(u).
-13
Let b(h) = -73*h**3 - 3*h**2 + 5*h. Let g(v) = -37*v**3 - v**2 + 2*v. Let f(w) = -3*b(w) + 7*g(w). Calculate f(1).
-39
Let b be -5*9/(-120)*(2 + 6). Let q(c) be the first derivative of -1/3*c**b - 3 + 3/2*c**2 + 6*c. What is q(5)?
-4
Let p(v) = -4*v - 3. Let l = -92 - -92. Let d be p(l). Let g(z) = -z**3 - 5*z**2 - 3*z + 4. Calculate g(d).
-5
Suppose -15 = -5*o, 5*n + o - 4 = -1. Let h = 25 + -13. Suppose -4*y - h = -n. Let d(b) = -b**2 - 2*b - 2. Calculate d(y).
-5
Let a(w) = 4*w**2 + 4*w + 8. Let g be a(5). Let f = g - 126. Let z(j) = 3*j**3 - 2*j**2. Determine z(f).
16
Let i(a) = -5*a**3 + 3*a**2 + 8*a + 7. Let s(n) = -4 + 3 + 0*n**2 + 0 + n**3 - n**2 - n. Let r(h) = i(h) + 6*s(h). Determine r(2).
1
Let d(l) = l**2 - 6*l. Let v(m) = m**3 - 9*m**2 + 2*m - 16. Let i be v(9). Let b be 2/((2 + i)/((-28)/(-2))). Calculate d(b).
7
Let c be 2/6 - 460/30. Let o = 13 + c. Let f(i) = 0*i**2 - 1 + 2*i + i**2 + 2. Calculate f(o).
1
Let k(x) = 4*x**2 + 11*x + 3. Let g be ((-1)/(-2) - 3) + (-2)/4. What is k(g)?
6
Let k(g) be the first derivative of 13*g**2/2 + 4*g - 2. Let x(s) = -s + 70 - 72 - 6*s. Let n(o) = -6*k(o) - 11*x(o). Determine n(3).
-5
Suppose -2*y + 4*y = 6. Suppose -11 - y = -2*s - 2*i, -s - 3 = -i. Let r be s/(-3) - 10/3. Let c(w) = w**2 + 2*w + 2. Calculate c(r).
10
Let y(i) = -2*i**3 + 5*i**2 + 4*i + 3. Let m(o) = -3*o**3 + 5*o**2 + 4*o + 3. Let a(r) = 3*m(r) - 4*y(r). Calculate a(-5).
17
Let d(v) = -v**3 + 5*v**2 + 7. Let k = -17 - -38. Let y = -16 + k. Give d(y).
7
Let z = 6065 + -6071. Let p(l) be the third derivative of 0 - l**2 + 0*l + 1/12*l**5 + 1/120*l**6 + 1/6*l**3 - 7/24*l**4. Calculate p(z).
7
Suppose -5*k = 4*p + 7, 166*k - 6 = 170*k + 3*p. Let m(r) = -r**3 - 4*r**2 + 4*r. What is m(k)?
-21
Let k(j) = j**3 + 4*j**2 + 2*j. Suppose 3*l + 5*x = 138, -5*l - 4*x + 177 + 40 = 0. Let m = l + -45. Calculate k(m).
-8
Let l(b) be the first derivative of -b**3/3 - 4*b**2 + 4*b + 344. Let x be ((-7)/(-4))/(4/(-16)). Give l(x).
11
Suppose -3*t + 0*t = 294. Let f be t/(-21) + (-2)/3. Suppose 0 = -5*s + 5*n - 5, 3 + 10 = -f*s + n. Let z(q) = q**2 + 4*q. Determine z(s).
0
Let p(q) = q + q**2 - 42*q**3 - 25 + 40*q**3 + 29. Determine p(0).
4
Let l(d) = -d + 1. Let h(a) = -4*a + 2. Let w(t) = h(t) - 3*l(t). Suppose 762 = -76*f + 610. Calculate w(f).
1
Let n(x) = -3*x + 9*x + 5 - 12 + x**2. Suppose 0 = 4*f - 2*o + 32, -38 = 4*f - 4*o - o. Determine n(f).
0
Let p(l) = 5*l**2 + 3*l - 4. Let q be p(1). Let g(r) = -5 - 7 + 4*r**3 + 2*r + 9 - 3*r**3 - 4*r**2. Calculate g(q).
5
Let t(y) = y**3 - 2*y**2 - 4*y + 1. Let q be 1228/28 + (-2)/(-14). Let u = q - 41. What is t(u)?
-2
Let s(x) be the third derivative of 1/6*x**4 + 1/3*x**3 + 0 + 0*x + 12*x**2. Give s(-2).
-6
Let s(t) = t**2 + 4*t - 1. Suppose 5 = 5*n - 3*q, 4*n = q - 6*q - 33. Suppose 92*o - 95*o = 18. Let g be -6 - 4/(o - n). Calculate s(g).
4
Let y(r) = 5*r**2 - r - 1. Let u(q) = 2*q**3 - q - 2. Let b be u(2). Suppose b + 23 = 5*s. Let d be 2/(-9) + s/(-9). Determine y(d).
5
Suppose 0 = -5*d + 10*d. Let y(x) be the first derivative of x**3/3 + 2*x - 8. Determine y(d).
2
Let m(h) be the second derivative of -h**5/20 + h**4/3 - 2*h**3/3 - h**2/2 - 4*h. Determine m(4).
-17
Suppose 59*t - 51*t = 48. Let j(n) = -n - 4. Calculate j(t).
-10
Let z(c) = c**3 - 18*c**2 - 87*c - 14. Let k be z(22). Let i(w) = w**2 - 9*w + 7. Give i(k).
-1
Let x be 6*((-5)/(-2) + -2). Suppose x*n + 23 - 26 = 0. Let u(g) = -5*g**2 - g. Give u(n).
-6
Let q be 9/1 - 9/(144/(-32)). Let d(p) = -p**3 + 10*p**2 + 11*p + 5. What is d(q)?
5
Let v(g) be the second derivative of -g**5/20 + 5*g**4/6 - 5*g**3/3 + g**2/2 + 5*g + 5. Determine v(9).
-8
Let w(c) = c**2 - 2*c. Let i(k) be the second derivative of k**4/12 + k**3/2 - k**2 - 11*k. Let a be i(0). Determine w(a).
8
Suppose 0 = -4*z - 17*z - 25*z. Let f(b) = -b**3 - b**2 + 2. Calculate f(z).
2
Let h(a) = 4*a - 42. Let u be h(11). Let g(d) = -1 - 27*d**2 + 17*d**u + 4*d + 5 + 11*d**2. What is g(-6)?
16
Let v(k) be the third derivative of 1/120*k**6 + 0 + 9*k**2 + 0*k - 1/6*k**4 + 3/2*k**3 + 1/10*k**5. Determine v(-7).
-12
Let k(q) = q**2 - q + 4. Suppose 3*x - j - 5 = 0, 5*j - 12 + 37 = -x. Suppose x = -2*v - z - 4*z - 20, -5*v = 4*z + 16. Suppose -6 = -v*a - 2*a. Calculate k(a).
10
Let m(p) be the first derivative of 4 - 1/2*p**2 - 5*p. Determine m(-8).
3
Let n(z) = -6*z + 1. Suppose k + 75 = -4*k + 5*c, 4*c = 20. Let d = 12 + k. Suppose 0 = -5*m + 20, -8*m + 4*m = -d*t - 12. Give n(t).
-11
Suppose 4*h - 47 = -z, 3*z = 5*z - 5*h - 94. Suppose z*c = 45*c + 20. Let q(x) = x - 11. Calculate q(c).
-1
Let f(y) = y**2 - 7. Let k(l) = l**2 - 4*l + 5. Let c be k(4). Suppose -3*n - 10 = -2*z, -c*n + 4*n + 15 = 3*z. What is f(n)?
-7
Suppose 0 = -2*l - z + 14, 22*z - 18 = -2*l + 19*z. Let r(c) = c**2 + 0*c**2 - 3*c - 4*c. Calculate r(l).
-6
Let o(i) be the second derivative of -i**5/20 + 2*i**4/3 - 2*i**3/3 + 73*i. What is o(7)?
21
Let v(f) = f - 1 - f - f**2. Let h(r) = r**2 - 1. Let o(n) = n**3 + 2*n**2 - 1. Let b be o(-2). Let x be h(b). What is v(x)?
-1
Suppose -4*p + 4*h = 4, -2*h + 24 = 28. Let n(a) = -a**2 - 5*a + 5. What is n(p)?
11
Let r = 23 + 9. Suppose -r = 2*f + 2*f. Let c(y) = -y + 2. Determine c(f).
10
Let m = 2405 - 2398. Let d(i) = -7*i + 4. Let q(s) = 6*s - 5. Let g(b) = -4*d(b) - 5*q(b). Calculate g(m).
-5
Let z(u) = 0*u**2 + 2*u**2 + 198*u - 198*u. Determine z(3).
18
Let k(f) = -f**2 - 5*f + 4. Let m(t) = -t**2 - 5*t + 5. Let l(d) = -5*k(d) + 4*m(d). Let x be ((-1)/3)/((-5)/(-45)). What is l(x)?
-6
Suppose 3*c = 6*c. Let j(h) be the third derivative of -h**6/120 - h**5/60 + h**4/24 - h**3/2 - 8*h**2. Give j(c).
-3
Let u(c) be the third derivative of -c**5/30 - 7*c**4/24 + 4*c**3/3 - 53*c**2 - 2*c. Determine u(-6).
-22
Suppose -11 = -3*k + 1. Let s(b) = -10*b - 2*b**2 + 3 + 15*b + 3*b + 0*b**2. Give s(k).
3
Let m = -11 + 7. Let s(k) = k**3 + 4*k**2 + 3*k + 8. Determine s(m).
-4
Suppose -5*z = 15, 3*a = 4*z - 9*z + 9. Let k(q) = -q**3 + 7*q**2 + 8*q + 2. Calculate k(a).
2
Let q(x) be the first derivative of -5*x**2/2 + 2*x + 11. Determine q(-3).
17
Let q(s) = 4*s**3 + 0*s**3 - 2*s**3 + 2*s**2 + 3 - 4*s - 3*s**3. Let w be (24/(-18))/((-6)/9). What is q(w)?
-5
Suppose 3*z - t - 5 = z, z - 2*t - 1 = 0. Let w(c) = 2 + c**z + 3 + 5*c**2 + 306*c - 301*c. Give w(-5).
-20
Suppose 30 = f - 27. Suppose -f = 4*v - 165. Let d(y) = -3 + 23*y + y**3 + 2*y**2 - v*y + y**2. Determine d(-4).
-3
Let c(n) = 7*n + 1. Let m(b) = -b + 1. Let q(i) = -7*i + 1. Let z(d) = 6*m(d) - q(d). Let l be z(0). Suppose -4*p + 2*a = a + 7, a - 8 = l*p. Calculate c(p).
-6
Let r(t) = t**2 - 6*t + 6. Suppose -5 = i, -a = i + 4*i + 80. Let g = a - -80. Suppose f - 15 = -4*f + 2*y, 0 = 2*f + 3*y - g. Calculate r(f).
1
Let v(s) = -s - 3. Let n be (10 - -2)*(-1 - -2). Let c = 24 - n. Suppose -c*f + 8*f = 0. What is v(f)?
-3
Let i(o) be the third derivative of -5/3*o**3 + 0*o + 0 + 2*o**2 - 1/24*o**4. Give i(-7).
-3
Let w be (3/(-9))/(2/(-12)). Let c(k) = w - 2 - k - 3. Let u be 5/10*(0 + -10). Calculate c(u).
2
Let o(j) = 8*j**2 - 23*j**2 + 3*j - 2 + 5*j**2 + 11*j**2. Suppose -15 = -3*u, -5*q - 6 = 2*u + 9. Calculate o(q).
8
Let s(q) = -3*q**2 - 3*q - 12. Suppose 33 = 67*f - 64*f. Let j(d) = -d**2 - d - 4. Let z(c) = f*j(c) - 4*s(c). Determine z(0).
4
Suppose -27 = -8*s + 5*s. Suppose 0 = 3*t - 3 - s. Let c(j) = 2*j - 2. Give c(t).
6
Let v = -1135 + 1136. Suppose 7*b = 4*b. Let z(l) = -4*l + 3*l + b - 1. Give z(v).
-2
Suppose -4*l - 3*w - 2*w - 5 = 0, l + 2 = -2*w. Suppose l*n + n - 10 = 0. Let z(p) = p**3 - 9*p**2 - 11*p + 10. Calculate z(n).
0
Let w be (3/(-6))/(((-44)/(-24))/11). Let s = 1 + 1. Let t(z) = -4*z + 3 + z + 3*z - 2*z - z**s. Determine t(w).
0
Suppose -4*u - 5*v = -v + 20, -v - 7 = 3*u. Let p(x) = -35*x**3 + x + 1. Calculate p(u).
35
Let l(k) = 25*k**2 - 51*k**2 + 25*k**2 + 4*k - 4*k. Suppose 2 = 5*t + 7. Calculate l(t).
-1
Let k be (0 - 1)/((-17)/119). Let l(x) = -2*x**2 + 7 + 12 + x**2 + k*x - 26. What is l(6)?
-1
Let d(s) be the third derivative of -s**6/120 + s**5/10 